
-3a2a
In base 12, what is -5 - -3592?
3589
In base 10, what is 2357 - -5?
2362
In base 4, what is -10012 + 0?
-10012
In base 2, what is -11000100110 - -11?
-11000100011
In base 11, what is -19 - 7?
-25
In base 6, what is -5 - 52145?
-52154
In base 12, what is -a + a?
0
In base 7, what is -11 - 210?
-221
In base 4, what is -2 - 1231?
-1233
In base 6, what is -4 - -500?
452
In base 11, what is -952 - 1?
-953
In base 6, what is -13040 - 5?
-13045
In base 12, what is -32b + 0?
-32b
In base 14, what is -406 - 3?
-409
In base 6, what is -4 + 2254?
2250
In base 8, what is 77 - 3?
74
In base 4, what is 1032 + -102?
330
In base 7, what is -516 + 3?
-513
In base 12, what is 44 + 21?
65
In base 12, what is -6 + -5b?
-65
In base 3, what is 2111 + -100?
2011
In base 10, what is 291 - 0?
291
In base 9, what is 4 + 108?
113
In base 8, what is 2 - 123?
-121
In base 4, what is 101303 + -2?
101301
In base 15, what is -5 + -1bab?
-1bb1
In base 15, what is -4 + -6?
-a
In base 10, what is 68 - -90?
158
In base 8, what is 335 - 0?
335
In base 9, what is -181 + -3?
-184
In base 14, what is -7c + -1?
-7d
In base 16, what is -ca + -4?
-ce
In base 3, what is 0 - 2021?
-2021
In base 14, what is -4 - -876?
872
In base 5, what is 0 + -2313?
-2313
In base 14, what is -5 - -b6?
b1
In base 5, what is -2 + 4240?
4233
In base 2, what is 10 - -101111?
110001
In base 14, what is 2a - 1?
29
In base 4, what is 0 + -213?
-213
In base 10, what is 5 + -1757?
-1752
In base 2, what is 110000 - -101?
110101
In base 15, what is 3 + -7?
-4
In base 3, what is 10 + 20110012?
20110022
In base 6, what is 34 - 4?
30
In base 7, what is 4 - -341?
345
In base 8, what is 253 + 31?
304
In base 2, what is -1001 + 111001?
110000
In base 15, what is 3da - 6?
3d4
In base 13, what is -215 + c?
-206
In base 10, what is -95 - -4?
-91
In base 14, what is 37 + -8?
2d
In base 4, what is 23221 - -2?
23223
In base 15, what is 42 - 8?
39
In base 2, what is -11 + -11011000?
-11011011
In base 13, what is 33 - 1?
32
In base 10, what is -146 - -5?
-141
In base 8, what is -13 - -10?
-3
In base 8, what is 261 + 120?
401
In base 7, what is -13 - -20?
4
In base 11, what is 144 + 1?
145
In base 9, what is 5 - 77?
-72
In base 7, what is 2144 - 4?
2140
In base 2, what is 111001010010 - -111?
111001011001
In base 8, what is 145 + 0?
145
In base 9, what is -482 + 4?
-477
In base 5, what is 1 + 401?
402
In base 14, what is -5 + a?
5
In base 4, what is 1222 + 1?
1223
In base 8, what is 1 - -125?
126
In base 12, what is 1 - 167?
-166
In base 7, what is -3 - -13400?
13364
In base 11, what is -5 - 245?
-24a
In base 14, what is 8 - -18?
22
In base 11, what is 552 + -4?
549
In base 10, what is 5 - -58?
63
In base 5, what is -2220 - 2?
-2222
In base 7, what is 1526 - 1?
1525
In base 14, what is 3 + 3d?
42
In base 5, what is 3 - -43224?
43232
In base 3, what is -2000 + 111?
-1112
In base 9, what is -241 + 4?
-236
In base 4, what is 10 + -102110?
-102100
In base 14, what is -1a4 + 3?
-1a1
In base 8, what is 67 + 0?
67
In base 14, what is -2708 - 4?
-270c
In base 15, what is 11 - 30d?
-2ec
In base 5, what is -131 - 4?
-140
In base 4, what is -3212 + -13?
-3231
In base 15, what is 3 - 1d?
-1a
In base 14, what is -126 + -3?
-129
In base 2, what is 11 - -100010111?
100011010
In base 10, what is 42 + -58?
-16
In base 15, what is -30 - 2?
-32
In base 3, what is -12 + 10?
-2
In base 7, what is -3 - 113?
-116
In base 14, what is 1a22 - 3?
1a1d
In base 15, what is -5 - -364?
35e
In base 8, what is -16 + -13?
-31
In base 6, what is -3520 + 23?
-3453
In base 4, what is -3312 - -123?
-3123
In base 7, what is 12 + 1130?
1142
In base 11, what is -3 - 1184?
-1187
In base 9, what is 1 + 101?
102
In base 9, what is -12 - 30?
-42
In base 7, what is 51 + 3?
54
In base 15, what is 1 + 10c?
10d
In base 10, what is 1797 + -3?
1794
In base 10, what is -2 + 45?
43
In base 16, what is -9 - -15?
c
In base 14, what is c + b?
19
In base 16, what is -1 - -4a2?
4a1
In base 13, what is -47 + -c?
-56
In base 9, what is 77 + -52?
25
In base 4, what is -123 - -12?
-111
In base 5, what is 440 - 3?
432
In base 10, what is -64 + -8?
-72
In base 11, what is -2 - -1260?
1259
In base 15, what is -1e + 2?
-1c
In base 9, what is 370 - 2?
367
In base 6, what is 0 + -103?
-103
In base 9, what is 4 - -141?
145
In base 6, what is 11 - 321?
-310
In base 5, what is 22142 - 0?
22142
In base 11, what is -2 - -499?
497
In base 12, what is b7 - 0?
b7
In base 10, what is -2415 + 3?
-2412
In base 3, what is 201 + 1001?
1202
In base 8, what is -3 + 553?
550
In base 3, what is 0 - 22100?
-22100
In base 11, what is -3 + -145?
-148
In base 2, what is -1010 + -10001110010?
-10001111100
In base 13, what is -16 - 26?
-3c
In base 9, what is -10 - -2266?
2256
In base 12, what is 1a - 12?
8
In base 6, what is -10545 - 5?
-10554
In base 12, what is 4 - 0?
4
In base 8, what is 627 + -25?
602
In base 9, what is 24 - -215?
240
In base 10, what is 1 + -145?
-144
In base 12, what is -4 - 2?
-6
In base 3, what is 2110011 + -20?
2102221
In base 9, what is -120 - 34?
-154
In base 7, what is 1 + -65?
-64
In base 12, what is -11 + 3?
-a
In base 12, what is 7 + -b43?
-b38
In base 9, what is -25 + 15?
-10
In base 15, what is -5 - -94?
8e
In base 15, what is 638 - 1?
637
In base 10, what is 6981 - 3?
6978
In base 15, what is 25 - 2?
23
In base 15, what is -10e - -a?
-104
In base 10, what is 317 + -5?
312
In base 4, what is 13 + -11?
2
In base 11, what is -8 - -43?
36
In base 12, what is 5 + 9?
12
In base 2, what is -1001011000 + -1?
-1001011001
In base 10, what is 10 + 94?
104
In base 16, what is -3b6f - -2?
-3b6d
In base 10, what is 11 - 45?
-34
In base 5, what is 10 + -3023?
-3013
In base 7, what is 34444 + 4?
34451
In base 3, what is 10011 + 2?
10020
In base 10, what is 669 + 12?
681
In base 10, what is -850 - -2?
-848
In base 10, what is 2 + -47?
-45
In base 6, what is -1335 + 5?
-1330
In base 16, what is 30 - 23?
d
In base 16, what is 8 + d7?
df
In base 4, what is 122 + -23?
33
In base 16, what is 35 + 4?
39
In base 13, what is -4 - -70?
69
In base 11, what is 79 - 1?
78
In base 11, what is 45 - 180?
-136
In base 16, what is -1c8 - -2?
-1c6
In base 5, what is 0 - 202?
-202
In base 5, what is -2 + -12042?
-12044
In base 8, what is 30 + 20?
50
In base 14, what is 179b - 4?
1797
In base 2, what is 100 + 1000000010?
1000000110
In base 7, what is -3 - -2441?
2435
In base 4, what is 2 - -120?
122
In base 12, what is 1 - -4?
5
In base 3, what is 102202 + -1?
102201
In base 9, what is 4 - 364?
-360
In base 10, what is -5 - 827?
-832
In base 13, what is -3 + -81?
-84
In base 10, what is 44 - -5?
49
In base 12, what is 4 - 159?
-155
In base 15, what is -3abc + -3?
-3ac0
In base 11, what is -59 - 39?
-97
In base 15, what is 5 + -1151?
-114b
In base 7, what is 2160 + 12?
2202
In base 14, what is 5 + -518?
-513
In base 7, what is -54 + -315?
-402
In base 7, what is 3056 + 5?
3064
In base 11, what is 2 + 8a?
91
In base 9, what is 2 + 1624?
1626
In base 9, what is 64 - 2?
62
In base 11, what is 5 + 9a4?
9a9
In base 15, what is a + 67?
72
In base 3, what is -11211 + -1?
-11212
In base 5, what is 0 + 22422?
22422
In base 4, what is -3 - -1310?
1301
In base 11, what is -5 + 17?
12
In base 10, what is 0 + 364?
364
In base 16, what is 544 - 0?
544
In base 3, what is 22 - 10?
12
In base 4, what is 30030 - 0?
30030
In base 7, what is 1 + 3366?
3400
In base 9, what is 67 - 3?
64
In base 9, what is -1345 + 10?
-1335
In base 15, what is -5 + -1a?
-20
In base 9, what is 44 + 130?
174
In base 3, what is -1021110 - 1011?
-1022121
In base 2, what is 1011111010 - 110?
1011110100
In base 9, what is -1 + -110?
-111
In base 13, what is 81 + -58?
26
In base 8, what is -26 + 22?
-4
In base 2, what is -100 - 1101?
-10001
In base 16, what is -5 + 176?
171
In base 7, what is -10 - 5443?
-5453
In base 11, what is -753 + 4?
-74a
In base 13, what is 6 - -1723?
1729
In base 11, what is -1063 + 14?
-104a
In base 16, what is bd + -5d?
60
In base 10, what is -30 - -301?
271
In base 2, what is 101 - -110001?
110110
In base 4, what is 11 + -222?
-211
In base 7, what is 40604 + 2?
40606
In base 10, what is -792 + 33?
-759
In base 2, what is -10101011 + -111?
-10110010
In base 13, what is 1113 + 0?
1113
In base 16, what is 1 + -e?
-d
In base 16, w